 of 190570?
2, 5, 17, 19, 59
What are the prime factors of 3037174?
2, 7, 401, 541
List the prime factors of 1661122.
2, 830561
List the prime factors of 11484759.
3, 11, 13, 19, 1409
List the prime factors of 6000331.
181, 33151
What are the prime factors of 21442825?
5, 857713
What are the prime factors of 198522?
2, 3, 41, 269
What are the prime factors of 108513?
3, 4019
What are the prime factors of 932496?
2, 3, 19427
What are the prime factors of 3471291?
3, 127, 3037
What are the prime factors of 1421740?
2, 5, 67, 1061
List the prime factors of 3656091.
3, 281, 4337
What are the prime factors of 6488150?
2, 5, 129763
What are the prime factors of 3695747?
11, 19, 17683
List the prime factors of 67724.
2, 16931
List the prime factors of 5799561.
3, 223, 8669
What are the prime factors of 59814?
2, 3, 3323
What are the prime factors of 14515809?
3, 7, 11, 47, 191
List the prime factors of 1603919.
1603919
List the prime factors of 234100.
2, 5, 2341
List the prime factors of 70919.
70919
List the prime factors of 81781.
7, 1669
What are the prime factors of 102330?
2, 3, 5, 379
List the prime factors of 322470.
2, 3, 5, 3583
List the prime factors of 10561028.
2, 263, 10039
What are the prime factors of 1324873?
11, 43, 2801
List the prime factors of 119015.
5, 13, 1831
What are the prime factors of 1070017?
13, 53, 1553
List the prime factors of 1991392.
2, 13, 4787
List the prime factors of 1937295.
3, 5, 43051
What are the prime factors of 8258004?
2, 3, 76463
List the prime factors of 845400.
2, 3, 5, 1409
List the prime factors of 637398.
2, 3, 17, 2083
List the prime factors of 1246801.
89, 14009
List the prime factors of 27402.
2, 3, 4567
List the prime factors of 2608756.
2, 652189
List the prime factors of 12219071.
19, 151, 4259
What are the prime factors of 8772?
2, 3, 17, 43
List the prime factors of 19315.
5, 3863
What are the prime factors of 10409?
7, 1487
List the prime factors of 5706315.
3, 5, 43, 983
List the prime factors of 1699182.
2, 3, 94399
List the prime factors of 212799.
3, 89, 797
What are the prime factors of 5254?
2, 37, 71
List the prime factors of 6152770.
2, 5, 13, 19, 47, 53
What are the prime factors of 1078771?
29, 37199
What are the prime factors of 599985?
3, 5, 67, 199
List the prime factors of 185886.
2, 3, 23, 449
List the prime factors of 11774002.
2, 43, 79, 1733
List the prime factors of 1371436.
2, 11, 71, 439
List the prime factors of 221600.
2, 5, 277
List the prime factors of 5763246.
2, 3, 239, 4019
What are the prime factors of 666081?
3, 13, 5693
What are the prime factors of 26432267?
23, 1149229
List the prime factors of 431461.
163, 2647
What are the prime factors of 3854419?
29, 132911
List the prime factors of 180095.
5, 181, 199
List the prime factors of 250571.
127, 1973
List the prime factors of 4065451.
13, 312727
List the prime factors of 10772942.
2, 5386471
List the prime factors of 847183.
41, 20663
What are the prime factors of 2045468?
2, 79, 6473
What are the prime factors of 2354841?
3, 19, 47, 293
List the prime factors of 282002.
2, 7, 20143
What are the prime factors of 592077?
3, 197359
List the prime factors of 7778783.
7778783
List the prime factors of 108444.
2, 3, 7, 1291
List the prime factors of 3471598.
2, 13, 10271
What are the prime factors of 15947169?
3, 7, 59, 61, 211
List the prime factors of 24603.
3, 59, 139
List the prime factors of 966056.
2, 7, 13, 1327
What are the prime factors of 80947?
61, 1327
What are the prime factors of 22649?
11, 29, 71
What are the prime factors of 6062359?
6062359
What are the prime factors of 26324210?
2, 5, 11, 167, 1433
List the prime factors of 118155.
3, 5, 7877
What are the prime factors of 4073452?
2, 229, 4447
List the prime factors of 3983055.
3, 5, 131, 2027
List the prime factors of 114280.
2, 5, 2857
List the prime factors of 748764.
2, 3, 2311
What are the prime factors of 9664658?
2, 4832329
List the prime factors of 3923641.
3923641
What are the prime factors of 868019?
868019
What are the prime factors of 2921669?
67, 43607
What are the prime factors of 2658040?
2, 5, 7, 11, 863
List the prime factors of 200380.
2, 5, 43, 233
What are the prime factors of 2325160?
2, 5, 58129
What are the prime factors of 30873631?
193, 347, 461
List the prime factors of 658925.
5, 26357
What are the prime factors of 1473747?
3, 11, 17, 37, 71
What are the prime factors of 1327717?
17, 78101
What are the prime factors of 360213?
3, 7, 17, 1009
List the prime factors of 430679.
29, 14851
What are the prime factors of 198362?
2, 99181
What are the prime factors of 8289525?
3, 5, 110527
List the prime factors of 247735.
5, 49547
What are the prime factors of 894643?
894643
List the prime factors of 5485513.
11, 41, 12163
List the prime factors of 41608.
2, 7, 743
List the prime factors of 2122935.
3, 5, 141529
What are the prime factors of 27213?
3, 47, 193
List the prime factors of 2272262.
2, 23, 47, 1051
List the prime factors of 6189107.
6189107
List the prime factors of 3728124.
2, 3, 29, 3571
What are the prime factors of 99643?
99643
List the prime factors of 110435.
5, 13, 1699
List the prime factors of 4742597.
31, 59, 2593
List the prime factors of 14629868.
2, 11, 167, 181
What are the prime factors of 1332824?
2, 166603
What are the prime factors of 1209234?
2, 3, 13, 37, 419
List the prime factors of 181133.
31, 5843
What are the prime factors of 7430?
2, 5, 743
What are the prime factors of 554637?
3, 184879
What are the prime factors of 11849404?
2, 7, 137, 3089
What are the prime factors of 85290?
2, 3, 5, 2843
What are the prime factors of 5196461?
47, 110563
What are the prime factors of 4761856?
2, 11, 19, 89
List the prime factors of 256734.
2, 3, 17, 839
List the prime factors of 304856.
2, 53, 719
What are the prime factors of 345183?
3, 115061
List the prime factors of 14324826.
2, 3, 41, 58231
What are the prime factors of 181916?
2, 7, 73, 89
List the prime factors of 12924963.
3, 41, 35027
What are the prime factors of 1859470?
2, 5, 185947
List the prime factors of 22699980.
2, 3, 5, 127, 331
What are the prime factors of 648461?
11, 167, 353
List the prime factors of 15059148.
2, 3, 13, 37, 2609
What are the prime factors of 20803810?
2, 5, 41, 50741
List the prime factors of 131709.
3, 43, 1021
List the prime factors of 741251.
7, 17, 6229
List the prime factors of 556110.
2, 3, 5, 37, 167
What are the prime factors of 14282692?
2, 31, 115183
List the prime factors of 23448696.
2, 3, 881, 1109
List the prime factors of 1816988.
2, 454247
List the prime factors of 11183401.
3169, 3529
List the prime factors of 171770.
2, 5, 89, 193
List the prime factors of 1527180.
2, 3, 5, 25453
List the prime factors of 1594623.
3, 29, 18329
List the prime factors of 68102.
2, 17, 2003
List the prime factors of 2314819.
13, 41, 43, 101
What are the prime factors of 79132?
2, 73, 271
What are the prime factors of 20536437?
3, 29, 137, 1723
List the prime factors of 109178.
2, 79, 691
List the prime factors of 1802419.
1802419
What are the prime factors of 1020376?
2, 7, 19, 137
List the prime factors of 492149.
7, 167, 421
What are the prime factors of 102628?
2, 25657
List the prime factors of 1343298.
2, 3, 11, 20353
What are the prime factors of 129829?
7, 17, 1091
List the prime factors of 335891.
383, 877
What are the prime factors of 423020?
2, 5, 13, 1627
List the prime factors of 139579.
11, 12689
What are the prime factors of 1838832?
2, 3, 29, 1321
List the prime factors of 443200.
2, 5, 277
List the prime factors of 262042.
2, 11, 43, 277
What are the prime factors of 318640?
2, 5, 7, 569
What are the prime factors of 7298924?
2, 1824731
List the prime factors of 188527.
188527
What are the prime factors of 5746984?
2, 229, 3137
List the prime factors of 2732242.
2, 1366121
What are the prime factors of 225070?
2, 5, 71, 317
What are the prime factors of 2343820?
2, 5, 117191
What are the prime factors of 43858?
2, 21929
What are the prime factors of 1171735?
5, 23, 443
What are the prime factors of 2142859?
181, 11839
What are the prime factors of 7504105?
5, 7, 109, 281
What are the prime factors of 9830102?
2, 4915051
What are the prime factors of 390987?
3, 1609
List the prime factors of 575